- -13?
-12
Calculate (-32 - 4 - -3) + -115 + 137.
-11
What is the value of (6 + -3 - 2) + 15 + 564 + -573 - 96?
-89
What is -76 + 70 - (-53 + 46 + -21 + 1)?
21
Calculate -2 + 1 + -3 + 1265 + -1253.
8
Calculate 30 + (55 - (5 - -19)) + (-3 - -3).
61
What is the value of 6 + (-6 - 16) + 14 + -91 - 2?
-95
What is -1 - -35 - (198 - 215)?
51
Calculate 307 - (-96 - -337) - (1 - -3).
62
What is (-8 - (-25 + 6)) + (39 + -27 - (46 - 0))?
-23
What is (-5 - 0) + (-843 - -891)?
43
What is 26 + (-15 - (-14 - (32 - 13))) + -11?
33
Calculate -108 + (143 - -18) - 44.
9
3010 + -3046 + -6 + 4 + -2
-40
What is the value of -15 + -8 - (30 - 83)?
30
21 + -72 + -3 + 29 + -25
-50
What is (-8 - (16 + 2) - -20) + -10?
-16
Evaluate 62 + -91 - 44 - (-4 + 5 - 10).
-64
What is the value of (-5 - (95 - 35)) + 49?
-16
What is the value of -4 - (9 + (-10 - 1) + 8) - -35?
25
What is -21 - (0 + 12 + 43 + -43 + -13)?
-20
(73 - 34 - -11) + -32
18
What is the value of 23 - (59 + -12) - -30 - -14?
20
18 + -2 + 4 + -1 + -14 + 72 + 0
77
What is the value of (-25 - (0 + -3)) + 16 + -24 + 18?
-12
-15 - 29 - (-26 - -16 - -15)
-49
What is the value of (35 - (-23 - -45)) + (-9 - -2 - -3)?
9
What is the value of -30 - -52 - (0 + -8 - (-29 - -22))?
23
What is (-42 - (2 + 0 + -3)) + -5 - (-42 + 47)?
-51
Evaluate -3 - -4 - 7 - (-22 + (12 + -14 - -19)).
-1
What is 0 + (76 - -7) + -1 + 2 + -10 + 16?
90
Calculate 66 - -1 - (13 - (-26 - -64 - 34)).
58
Calculate (-14 + (6 + -59 - -8) - (0 + 0)) + -11.
-70
What is the value of 49 + 95 + (7 - (2 + 12)) + -4?
133
What is the value of (-5 + -37 - 2 - 1) + 9?
-36
What is the value of -2 + 8 + (-68 - (-12 + 24 + -8 + -5))?
-61
What is 1 + (15 - (-21 - -46)) - (-33 - 1)?
25
What is (-2 - (16 - (-16 + -13 + 44))) + 80?
77
What is the value of -4 + 0 + 39 - (1584 + -1590)?
41
(4 - (22 + -10) - (1 + -2)) + 31
24
Calculate (26 - (-35 + 48)) + 2 + (0 - -4).
19
What is the value of -20 + (-33 + 41 - -12) - (76 + -1)?
-75
(22 - 0 - 3) + (-48 - 12) + 57
16
Calculate (33 - 1) + 112 + -116 + -12 + (4 - 1).
19
-35 - (-17 - 99 - 37) - (0 + 7)
111
What is -122 + 21 + 313 - 130?
82
Calculate -6 - 26 - (718 + -682).
-68
What is the value of -57 - ((-5 - -4) + -6) - (-13 + -11 + 19)?
-45
-91 + -10 + 11 + -21 + 21
-90
What is the value of 66 - 58 - ((5 - (25 - 2)) + 8)?
18
Calculate (3081 - 3140) + 73 + 0.
14
What is the value of (32 - 45) + -9 + 65?
43
Calculate 3 - (-16 + 14) - ((-13 - -22) + -6).
2
(-38 + 5 - -10) + -6 + 75
46
Evaluate (-5 - 3) + 12 + -2 + 24 - (-10 - -2).
34
Calculate 1909 + -1784 + (-1 - 74).
50
What is 15 + -34 + -3 + -2 + 0 + 0?
-24
Calculate -13 + 29 + 7 + 9 + (1 - 7).
26
0 + (24 - (105 + 11)) + 22
-70
Calculate 1 - 154 - (4516 - 4589).
-80
What is the value of (-1 - (0 - 41)) + -15 + 25 + -18 - 0?
32
What is -111 + 71 - (55 - 41)?
-54
-14 - (-2 + 13 + (13 - -12) + -41) - -26
17
Calculate 3732 + -3744 - (-2 - (0 + -3)).
-13
What is the value of 1 - 36 - (111 + -8 + -93) - (0 + 10)?
-55
-119 + (-61 - -178) + (15 - (-5 + (0 - -1)))
17
What is -2 + 11 + -814 + 808?
3
Calculate (-58 - -66) + 11 + -42.
-23
Calculate (113 + -87 - (33 + -4)) + -28 + 1.
-30
What is the value of -4 + 0 + -19 + 17 - (4 + 4)?
-14
Evaluate -192 + 110 + -35 + 6 + 6.
-105
Evaluate 58 - -2 - (410 + -345).
-5
59 - (154 - 40 - -25)
-80
19 + 0 + (0 - 0) - ((14 - 4) + -16)
25
-27 + 47 + (-79 - 15)
-74
(99 + -76 - 56) + (-19 - -2)
-50
What is the value of 0 + (1 - -10) + -33 + -17 - 22?
-61
What is -14 + (3 + -6 - (-21 - (-17 + -2)))?
-15
Evaluate -84 + (24 - 58) + 60.
-58
What is the value of -1868 - -1788 - (-50 + -1)?
-29
What is -184 - (78 - 111) - -57?
-94
10 + (51 - 9) + 7 + -16 + -7
36
Calculate -314 + 320 + (-83 - (-2 + -4 + 3 + 1)).
-75
Evaluate 11 + 4 + 5 + (-61 - -51).
10
What is -103 + 100 + (6 + 0 + -7 - (-104 - -5))?
95
Calculate -67 + -2 - (5338 - 5501).
94
Calculate -38 + (34 + -62 - -69) + (0 - 1 - 24).
-22
What is the value of (-586 - -631 - (5 + -3)) + -1 + 10?
52
Calculate 15 - (103 - (0 - -1) - (1170 - 1151)).
-68
Evaluate -1 + -9 + -1 - ((-6 + -27 - -9) + 69).
-56
Evaluate -2 + -38 + -73 + 85 + 1 + 2.
-25
What is -24 + (18 - -19) + -50 + -10?
-47
-3 - 8 - (62 + -54 + (-21 - -1) - -11)
-10
What is -57 - (-68 + (5 - 2))?
8
Calculate (16 - (9 - -20)) + (2 - 3) - 20.
-34
135 + -276 + -22 + -20 + 71
-112
What is the value of (-12 - -14) + (115 - (39 + -3))?
81
Evaluate -1655 + 1537 + (1 - -221).
104
What is (13 - (-13 + 20 - (-2 + (5 - -3)))) + -132?
-120
Calculate (3 - (3 - -58 - 11)) + 1 + -7.
-53
Calculate -1 - -34 - (-820 + 809) - 33.
11
94 + (-211 - -50) - -155
88
What is the value of 83 + -25 - -43 - 230?
-129
What is the value of 48 - (126 + -53) - 16?
-41
Evaluate 6 - -13 - (154 + -140 - (16 + -1)).
20
What is the value of 130 - ((24 - -60) + -31)?
77
What is -11 + (32 - (43 + -33)) - (5 + 1)?
5
What is the value of -14 + (-4 + (-32 - -18) - -83)?
51
What is the value of 12 + (0 - ((13 - 19) + -7)) + -7?
18
What is the value of 73 - (47 + 86 + -61)?
1
What is -235 - ((23 - 54) + -79)?
-125
What is 7 - (-58 + 58 + -37)?
44
What is the value of -165 + 13 + 1 + -16 + (46 - 37)?
-158
What is 5 + 17 + -84 + 24 + -8?
-46
Calculate -9 + (-47 - (-74 + 128)).
-110
Calculate (8 + -19 + 4 - 32) + 8 - -9.
-22
-230 - -256 - (2 - (-12 + 6))
18
What is the value of -155 - (67 - 55) - -203?
36
What is the value of 1 - 8 - (-12 - (-10 + 7) - -56)?
-54
Calculate -196 - (24 + -105) - (11 - (2 - -2)).
-122
24 - (5 + (-11 - -30 - (18 - 6)))
12
Evaluate 44 - (-10 + (14 - -5)).
35
Evaluate (29 - 14) + (37 + -25 - 37).
-10
Calculate -31 + (-2 - -3) + 21 + -30 + 11.
-28
What is (-3 + 20 + 19 + -34 - -52) + 4?
58
What is the value of -32 - (-4 - (-18 + 0 + 43))?
-3
What is the value of 11 + -2 - ((1 - -10) + (-76 - (15 - 88)))?
1
What is -9 - (-5 - 7) - (-68 + 125)?
-54
-17 + (20 - (23 - 3)) - -14
-3
What is the value of 58 + -28 + -5 + -21?
4
-82 - ((12 + 8 - 20) + 40)
-122
What is 21 + -9 + 9 + -28 + 17 - (24 - -1)?
-15
(18 + 3 - (2 - -2)) + (167 - 178)
6
Calculate (9 - (12 - -1 - -16)) + (35 - 13).
2
What is (-317 - -303) + (0 - 0) - (-132 + 2 - -7)?
109
Calculate 55 + (-31 - -9) + -150 + 37.
-80
What is -1 + 49 - (26 + 33 + -52)?
41
Evaluate (-199 - (-80 - 41)) + 84.
6
Calculate -122 + 10 + (26 - (-82 - -76)).
-80
What is (-86 - (-80 + 7)) + (4 - (-2 + 0)) + -27?
-34
What is -90 + (115 - (108 - -5))?
-88
What is (-2 + -5 - -4) + (30 + -21 + -17 - 68)?
-79
What is 64 + -32 + 12 + -73?
-29
What is the value of 46 - ((10 - 6) + 28)?
14
Calculate 15 - 9 - ((2 - (-2 - -13)) + 119 + -68).
-36
Calculate -2 + 37 + 287 + -310.
12
What is (179 - 111) + -142 + (20 - 0) - (0 - 11)?
-43
Evaluate 4 + 73 + (-25 - -12) + -24.
40
What is the value of (159 - 150) + (2 - (18 - -3)) + -6?
-16
Evaluate (-3 + 0 - 3) + -16 + (16 - 2 - 3).
-11
Calculate -21 + (10 - 45 - -20) + 30.
-6
Calculate 1 + -12 + -8 + (24 - 13) + -2 + -27.
-37
Calculate 34 - ((15 - 20 - -15) + -19).
43
What is the value of 10080 + -10056 - (3 - (65 - 1))?
85
(0 - 5) + (11 - (-25 + 16 + 30)) - 5
-20
-67 + 0 + 5 + 66
4
(-8 - (8 - 20)) + 13 - (92 + -24)
-51
(9 + -2 - 3) + -4 - (1693 - 1639)
-54
-47 - (-35 - -36) - -51
3
What is 107 - 152 - (-4 + -17) - (-158 + -2)?
136
Calculate (3 + -2 - (27 + (1 - 17) + -1)) + 49.
40
26 + -32 + (-8 - 10 - -10) + (-11 - -7)
-18
0 - ((-91 + 113 - 15) + (1 - -1))
-9
Evaluate 13 - (9 - 10 - -13 - 17 - -56).
-38
Evaluate -5 - (-17 + 1) - (9 + -14 - (-27 + 39)).
28
Evaluate -45 + (39 + -4 - -10).
0
Evaluate -6142 + 6027 + 77 + 0.
-38
What is -6 + -8 - -52 - (37 - 45)?
46
Calculate 17 + (-32 - (-16 + -42)) - 58.
-15
What is the value of (-7 - -2) + -2 - (692 - 711)?
12
What is -76 - (-30 + 22 + 16 + -29)?
-55
What is the value of 22 + -22 + 3 + (77 - 85)?
-5
(4 - 34) + 8 - (1 + (9 - 6) + 0)
-26
What is the value of (40 + -19 - (-20 - -17)) + 103 - -8?
135
What is -2 + (49 - (-12 - -31)) + -10?
18
Evaluate 23 + 7 + 5 + -4 + -30.
1
What is (-354 - -283) + 96 + 4?
29
Calculate -13 - (-20 + 40 - (8 - -73)).
48
What is -5 - (136 + (9 - 11) + 0 + (-2 - 7))?
-130
Evaluate -91 + 264 + -74 + -116.
-17
What is -4 - (-3 - -23 - (-153 - -179))?
2
72 + -52 + 108 + -54
74
What is -14 + (-60 - (-4 - 39))?
-31
Calculate 530 + -475 + (0 - 41).
14
-22 + 23 + -13 - (-21 - (-7 + -1))
1
62 + -109 + 48 - -50
51
What is (